7.
19
Calculate the remainder when 11864 is divided by 32.
24
Calculate the remainder when 1002 is divided by 497.
8
Calculate the remainder when 104 is divided by 97.
7
What is the remainder when 14058 is divided by 38?
36
What is the remainder when 448 is divided by 27?
16
Calculate the remainder when 68 is divided by 35.
33
What is the remainder when 442 is divided by 108?
10
What is the remainder when 137 is divided by 108?
29
Calculate the remainder when 133 is divided by 125.
8
What is the remainder when 725 is divided by 52?
49
What is the remainder when 139 is divided by 14?
13
Calculate the remainder when 955 is divided by 48.
43
Calculate the remainder when 3201 is divided by 1595.
11
What is the remainder when 1637 is divided by 35?
27
Calculate the remainder when 6894 is divided by 2.
0
Calculate the remainder when 107 is divided by 58.
49
Calculate the remainder when 106 is divided by 31.
13
Calculate the remainder when 66 is divided by 25.
16
Calculate the remainder when 77 is divided by 8.
5
What is the remainder when 3200 is divided by 146?
134
Calculate the remainder when 2628 is divided by 8.
4
Calculate the remainder when 226 is divided by 34.
22
Calculate the remainder when 118 is divided by 41.
36
What is the remainder when 4571 is divided by 112?
91
Calculate the remainder when 151 is divided by 41.
28
What is the remainder when 376 is divided by 75?
1
What is the remainder when 160 is divided by 141?
19
What is the remainder when 159 is divided by 92?
67
Calculate the remainder when 103 is divided by 1.
0
What is the remainder when 25 is divided by 13?
12
Calculate the remainder when 366 is divided by 54.
42
Calculate the remainder when 325 is divided by 22.
17
Calculate the remainder when 239 is divided by 50.
39
What is the remainder when 41 is divided by 15?
11
What is the remainder when 1119 is divided by 17?
14
What is the remainder when 164 is divided by 15?
14
What is the remainder when 579 is divided by 33?
18
What is the remainder when 2131 is divided by 698?
37
What is the remainder when 987 is divided by 18?
15
What is the remainder when 969 is divided by 162?
159
What is the remainder when 965 is divided by 44?
41
What is the remainder when 649 is divided by 136?
105
What is the remainder when 71 is divided by 68?
3
What is the remainder when 332 is divided by 55?
2
Calculate the remainder when 51 is divided by 4.
3
Calculate the remainder when 62 is divided by 8.
6
Calculate the remainder when 488 is divided by 128.
104
What is the remainder when 6803 is divided by 139?
131
Calculate the remainder when 1327 is divided by 67.
54
What is the remainder when 7373 is divided by 47?
41
What is the remainder when 495 is divided by 61?
7
Calculate the remainder when 82 is divided by 14.
12
What is the remainder when 101 is divided by 32?
5
What is the remainder when 536 is divided by 49?
46
Calculate the remainder when 19956 is divided by 18.
12
What is the remainder when 24 is divided by 22?
2
What is the remainder when 90 is divided by 12?
6
Calculate the remainder when 4969 is divided by 261.
10
What is the remainder when 65 is divided by 26?
13
Calculate the remainder when 47 is divided by 4.
3
What is the remainder when 7379 is divided by 20?
19
Calculate the remainder when 44 is divided by 11.
0
What is the remainder when 318 is divided by 19?
14
What is the remainder when 54 is divided by 43?
11
Calculate the remainder when 66 is divided by 14.
10
What is the remainder when 767 is divided by 183?
35
What is the remainder when 2173 is divided by 23?
11
What is the remainder when 7900 is divided by 15?
10
What is the remainder when 350 is divided by 64?
30
What is the remainder when 33 is divided by 5?
3
What is the remainder when 1489 is divided by 21?
19
What is the remainder when 187 is divided by 65?
57
What is the remainder when 1003 is divided by 18?
13
What is the remainder when 107 is divided by 9?
8
What is the remainder when 116 is divided by 73?
43
Calculate the remainder when 2167 is divided by 198.
187
Calculate the remainder when 343 is divided by 118.
107
What is the remainder when 348 is divided by 77?
40
What is the remainder when 43 is divided by 22?
21
Calculate the remainder when 365 is divided by 14.
1
What is the remainder when 273 is divided by 67?
5
What is the remainder when 5068 is divided by 26?
24
What is the remainder when 443 is divided by 5?
3
What is the remainder when 3622 is divided by 182?
164
Calculate the remainder when 1214 is divided by 301.
10
Calculate the remainder when 1364 is divided by 296.
180
Calculate the remainder when 83 is divided by 8.
3
What is the remainder when 2763 is divided by 7?
5
What is the remainder when 178 is divided by 30?
28
Calculate the remainder when 171 is divided by 100.
71
Calculate the remainder when 8503 is divided by 81.
79
What is the remainder when 7428 is divided by 14?
8
Calculate the remainder when 474 is divided by 24.
18
What is the remainder when 80 is divided by 24?
8
Calculate the remainder when 137 is divided by 46.
45
Calculate the remainder when 393 is divided by 93.
21
What is the remainder when 198 is divided by 47?
10
What is the remainder when 1727 is divided by 58?
45
What is the remainder when 161 is divided by 9?
8
Calculate the remainder when 966 is divided by 45.
21
Calculate the remainder when 3692 is divided by 132.
128
Calculate the remainder when 465 is divided by 39.
36
What is the remainder when 107 is divided by 18?
17
Calculate the remainder when 350 is divided by 22.
20
What is the remainder when 922 is divided by 299?
25
Calculate the remainder when 96 is divided by 14.
12
Calculate the remainder when 3426 is divided by 854.
10
Calculate the remainder when 16034 is divided by 19.
17
Calculate the remainder when 120 is divided by 15.
0
Calculate the remainder when 70 is divided by 19.
13
What is the remainder when 609 is divided by 105?
84
What is the remainder when 259 is divided by 29?
27
Calculate the remainder when 847 is divided by 17.
14
What is the remainder when 3367 is divided by 75?
67
Calculate the remainder when 97 is divided by 30.
7
Calculate the remainder when 622 is divided by 66.
28
Calculate the remainder when 254 is divided by 49.
9
What is the remainder when 33 is divided by 11?
0
What is the remainder when 235 is divided by 5?
0
What is the remainder when 130 is divided by 22?
20
Calculate the remainder when 51 is divided by 3.
0
What is the remainder when 5101 is divided by 27?
25
Calculate the remainder when 64 is divided by 33.
31
Calculate the remainder when 8935 is divided by 82.
79
What is the remainder when 1037 is divided by 1?
0
What is the remainder when 4063 is divided by 39?
7
Calculate the remainder when 3645 is divided by 12.
9
Calculate the remainder when 1400 is divided by 488.
424
What is the remainder when 93 is divided by 44?
5
Calculate the remainder when 4513 is divided by 19.
10
What is the remainder when 595 is divided by 95?
25
Calculate the remainder when 153 is divided by 50.
3
What is the remainder when 123 is divided by 55?
13
Calculate the remainder when 1654 is divided by 92.
90
Calculate the remainder when 265 is divided by 131.
3
What is the remainder when 433 is divided by 96?
49
Calculate the remainder when 144 is divided by 41.
21
What is the remainder when 170 is divided by 87?
83
What is the remainder when 754 is divided by 33?
28
What is the remainder when 373 is divided by 311?
62
What is the remainder when 13479 is divided by 97?
93
Calculate the remainder when 14 is divided by 9.
5
Calculate the remainder when 41 is divided by 19.
3
What is the remainder when 40 is divided by 27?
13
What is the remainder when 111 is divided by 8?
7
Calculate the remainder when 752 is divided by 13.
11
Calculate the remainder when 320 is divided by 58.
30
Calculate the remainder when 979 is divided by 256.
211
Calculate the remainder when 5251 is divided by 72.
67
Calculate the remainder when 198 is divided by 61.
15
What is the remainder when 115 is divided by 110?
5
What is the remainder when 902 is divided by 232?
206
Calculate the remainder when 268 is divided by 16.
12
Calculate the remainder when 72 is divided by 56.
16
Calculate the remainder when 1064